{"id":445,"date":"2026-01-02T15:45:48","date_gmt":"2026-01-02T15:45:48","guid":{"rendered":"https:\/\/divadozezo.com.br\/?page_id=445"},"modified":"2026-01-02T15:50:59","modified_gmt":"2026-01-02T15:50:59","slug":"escritos","status":"publish","type":"page","link":"https:\/\/divadozezo.com.br\/index.php\/escritos\/","title":{"rendered":"ESCRITOS"},"content":{"rendered":"\t\t<div data-elementor-type=\"wp-page\" data-elementor-id=\"445\" class=\"elementor elementor-445\" data-elementor-post-type=\"page\">\n\t\t\t\t<div class=\"elementor-element elementor-element-627519f e-flex e-con-boxed e-con e-parent\" data-id=\"627519f\" data-element_type=\"container\">\n\t\t\t\t\t<div class=\"e-con-inner\">\n\t\t\t\t<div class=\"elementor-element elementor-element-4f254b2 elementor-grid-2 elementor-grid-tablet-2 elementor-grid-mobile-1 elementor-posts--thumbnail-top elementor-widget elementor-widget-posts\" data-id=\"4f254b2\" data-element_type=\"widget\" data-settings=\"{&quot;classic_columns&quot;:&quot;2&quot;,&quot;classic_columns_tablet&quot;:&quot;2&quot;,&quot;classic_columns_mobile&quot;:&quot;1&quot;,&quot;classic_row_gap&quot;:{&quot;unit&quot;:&quot;px&quot;,&quot;size&quot;:35,&quot;sizes&quot;:[]},&quot;classic_row_gap_tablet&quot;:{&quot;unit&quot;:&quot;px&quot;,&quot;size&quot;:&quot;&quot;,&quot;sizes&quot;:[]},&quot;classic_row_gap_mobile&quot;:{&quot;unit&quot;:&quot;px&quot;,&quot;size&quot;:&quot;&quot;,&quot;sizes&quot;:[]}}\" data-widget_type=\"posts.classic\">\n\t\t\t\t<div class=\"elementor-widget-container\">\n\t\t\t\t\t\t\t<div class=\"elementor-posts-container elementor-posts elementor-posts--skin-classic elementor-grid\" role=\"list\">\n\t\t\t\t<article class=\"elementor-post elementor-grid-item post-352 post type-post status-publish format-standard has-post-thumbnail hentry category-uncategorized\" role=\"listitem\">\n\t\t\t\t<a class=\"elementor-post__thumbnail__link\" href=\"https:\/\/divadozezo.com.br\/index.php\/2025\/11\/13\/galinha-que-segue-pato\/\" tabindex=\"-1\" >\n\t\t\t<div class=\"elementor-post__thumbnail\"><img fetchpriority=\"high\" decoding=\"async\" width=\"300\" height=\"202\" src=\"https:\/\/divadozezo.com.br\/wp-content\/uploads\/2025\/11\/Lobo-em-pele-de-cordeiro-300x202.jpg\" class=\"attachment-medium size-medium wp-image-353\" alt=\"\" srcset=\"https:\/\/divadozezo.com.br\/wp-content\/uploads\/2025\/11\/Lobo-em-pele-de-cordeiro-300x202.jpg 300w, https:\/\/divadozezo.com.br\/wp-content\/uploads\/2025\/11\/Lobo-em-pele-de-cordeiro.jpg 612w\" sizes=\"(max-width: 300px) 100vw, 300px\" \/><\/div>\n\t\t<\/a>\n\t\t\t\t<div class=\"elementor-post__text\">\n\t\t\t\t<h3 class=\"elementor-post__title\">\n\t\t\t<a href=\"https:\/\/divadozezo.com.br\/index.php\/2025\/11\/13\/galinha-que-segue-pato\/\" >\n\t\t\t\tGalinha que segue pato\t\t\t<\/a>\n\t\t<\/h3>\n\t\t\t\t<div class=\"elementor-post__meta-data\">\n\t\t\t\t\t<span class=\"elementor-post-date\">\n\t\t\t13\/11\/2025\t\t<\/span>\n\t\t\t\t<span class=\"elementor-post-avatar\">\n\t\t\tNenhum coment\u00e1rio\t\t<\/span>\n\t\t\t\t<\/div>\n\t\t\t\t<div class=\"elementor-post__excerpt\">\n\t\t\t<p>H\u00e1 pessoas que reclamam, o que n\u00e3o est\u00e3o erradas na a\u00e7\u00e3o dos que fazem isso, do sistema milion\u00e1rio em vive os \u201cguias espirituais\u201d de nossa sociedade. V\u00e3o al\u00e9m de bolsas, botas, rel\u00f3gios, canetas de valores exorbitantes para um cidad\u00e3o comum<\/p>\n\t\t<\/div>\n\t\t\n\t\t<a class=\"elementor-post__read-more\" href=\"https:\/\/divadozezo.com.br\/index.php\/2025\/11\/13\/galinha-que-segue-pato\/\" aria-label=\"Read more about Galinha que segue pato\" tabindex=\"-1\" >\n\t\t\tLer completo\t\t<\/a>\n\n\t\t\t\t<\/div>\n\t\t\t\t<\/article>\n\t\t\t\t<article class=\"elementor-post elementor-grid-item post-321 post type-post status-publish format-standard has-post-thumbnail hentry category-uncategorized\" role=\"listitem\">\n\t\t\t\t<a class=\"elementor-post__thumbnail__link\" href=\"https:\/\/divadozezo.com.br\/index.php\/2025\/10\/18\/na-nossa-realidade\/\" tabindex=\"-1\" >\n\t\t\t<div class=\"elementor-post__thumbnail\"><img decoding=\"async\" width=\"200\" height=\"300\" src=\"https:\/\/divadozezo.com.br\/wp-content\/uploads\/2025\/10\/A-Parabola-do-Bom-Samaritano_-Licoes-de-Amor-e-Misericordia-200x300.jpg\" class=\"attachment-medium size-medium wp-image-322\" alt=\"\" srcset=\"https:\/\/divadozezo.com.br\/wp-content\/uploads\/2025\/10\/A-Parabola-do-Bom-Samaritano_-Licoes-de-Amor-e-Misericordia-200x300.jpg 200w, https:\/\/divadozezo.com.br\/wp-content\/uploads\/2025\/10\/A-Parabola-do-Bom-Samaritano_-Licoes-de-Amor-e-Misericordia-683x1024.jpg 683w, https:\/\/divadozezo.com.br\/wp-content\/uploads\/2025\/10\/A-Parabola-do-Bom-Samaritano_-Licoes-de-Amor-e-Misericordia.jpg 736w\" sizes=\"(max-width: 200px) 100vw, 200px\" \/><\/div>\n\t\t<\/a>\n\t\t\t\t<div class=\"elementor-post__text\">\n\t\t\t\t<h3 class=\"elementor-post__title\">\n\t\t\t<a href=\"https:\/\/divadozezo.com.br\/index.php\/2025\/10\/18\/na-nossa-realidade\/\" >\n\t\t\t\tNa nossa realidade&#8230;\t\t\t<\/a>\n\t\t<\/h3>\n\t\t\t\t<div class=\"elementor-post__meta-data\">\n\t\t\t\t\t<span class=\"elementor-post-date\">\n\t\t\t18\/10\/2025\t\t<\/span>\n\t\t\t\t<span class=\"elementor-post-avatar\">\n\t\t\tNenhum coment\u00e1rio\t\t<\/span>\n\t\t\t\t<\/div>\n\t\t\t\t<div class=\"elementor-post__excerpt\">\n\t\t\t<p>N\u00e3o se precisa ir a uma regi\u00e3o fora de nosso pa\u00eds, em local long\u00ednquo com pessoas sofredoras para sermos prestadores da aut\u00eantica caridade. \u00c0s vezes, ou sem sua maioria, na nossa realidade ambiental \u00e9 veross\u00edmil que tenha algu\u00e9m que precisa<\/p>\n\t\t<\/div>\n\t\t\n\t\t<a class=\"elementor-post__read-more\" href=\"https:\/\/divadozezo.com.br\/index.php\/2025\/10\/18\/na-nossa-realidade\/\" aria-label=\"Read more about Na nossa realidade&#8230;\" tabindex=\"-1\" >\n\t\t\tLer completo\t\t<\/a>\n\n\t\t\t\t<\/div>\n\t\t\t\t<\/article>\n\t\t\t\t<article class=\"elementor-post elementor-grid-item post-299 post type-post status-publish format-standard has-post-thumbnail hentry category-uncategorized\" role=\"listitem\">\n\t\t\t\t<a class=\"elementor-post__thumbnail__link\" href=\"https:\/\/divadozezo.com.br\/index.php\/2025\/08\/15\/punhal\/\" tabindex=\"-1\" >\n\t\t\t<div class=\"elementor-post__thumbnail\"><img decoding=\"async\" width=\"278\" height=\"181\" src=\"https:\/\/divadozezo.com.br\/wp-content\/uploads\/2025\/08\/Nazista.png\" class=\"attachment-medium size-medium wp-image-300\" alt=\"\" \/><\/div>\n\t\t<\/a>\n\t\t\t\t<div class=\"elementor-post__text\">\n\t\t\t\t<h3 class=\"elementor-post__title\">\n\t\t\t<a href=\"https:\/\/divadozezo.com.br\/index.php\/2025\/08\/15\/punhal\/\" >\n\t\t\t\tPunhal\t\t\t<\/a>\n\t\t<\/h3>\n\t\t\t\t<div class=\"elementor-post__meta-data\">\n\t\t\t\t\t<span class=\"elementor-post-date\">\n\t\t\t15\/08\/2025\t\t<\/span>\n\t\t\t\t<span class=\"elementor-post-avatar\">\n\t\t\tNenhum coment\u00e1rio\t\t<\/span>\n\t\t\t\t<\/div>\n\t\t\t\t<div class=\"elementor-post__excerpt\">\n\t\t\t<p>Freud escreveu o mal-estar na civiliza\u00e7\u00e3o em\u00a01929\u00a0e publicado em 1930.\u00a0Na obra, Freud como a nossa inclina\u00e7\u00e3o para a nossa hostilidade contra o outro e a cultura. Podemos acrescentar, diminuir, o que n\u00e3o ter\u00e1 como \u00e9 deixar de reconhecer esses conceitos<\/p>\n\t\t<\/div>\n\t\t\n\t\t<a class=\"elementor-post__read-more\" href=\"https:\/\/divadozezo.com.br\/index.php\/2025\/08\/15\/punhal\/\" aria-label=\"Read more about Punhal\" tabindex=\"-1\" >\n\t\t\tLer completo\t\t<\/a>\n\n\t\t\t\t<\/div>\n\t\t\t\t<\/article>\n\t\t\t\t<article class=\"elementor-post elementor-grid-item post-268 post type-post status-publish format-standard has-post-thumbnail hentry category-uncategorized\" role=\"listitem\">\n\t\t\t\t<a class=\"elementor-post__thumbnail__link\" href=\"https:\/\/divadozezo.com.br\/index.php\/2025\/07\/11\/hum-que-xero\/\" tabindex=\"-1\" >\n\t\t\t<div class=\"elementor-post__thumbnail\"><img loading=\"lazy\" decoding=\"async\" width=\"214\" height=\"300\" src=\"https:\/\/divadozezo.com.br\/wp-content\/uploads\/2025\/07\/download-37-214x300.jpeg\" class=\"attachment-medium size-medium wp-image-269\" alt=\"\" srcset=\"https:\/\/divadozezo.com.br\/wp-content\/uploads\/2025\/07\/download-37-214x300.jpeg 214w, https:\/\/divadozezo.com.br\/wp-content\/uploads\/2025\/07\/download-37.jpeg 686w\" sizes=\"(max-width: 214px) 100vw, 214px\" \/><\/div>\n\t\t<\/a>\n\t\t\t\t<div class=\"elementor-post__text\">\n\t\t\t\t<h3 class=\"elementor-post__title\">\n\t\t\t<a href=\"https:\/\/divadozezo.com.br\/index.php\/2025\/07\/11\/hum-que-xero\/\" >\n\t\t\t\tHum&#8230; que x\u00earo!\t\t\t<\/a>\n\t\t<\/h3>\n\t\t\t\t<div class=\"elementor-post__meta-data\">\n\t\t\t\t\t<span class=\"elementor-post-date\">\n\t\t\t11\/07\/2025\t\t<\/span>\n\t\t\t\t<span class=\"elementor-post-avatar\">\n\t\t\tNenhum coment\u00e1rio\t\t<\/span>\n\t\t\t\t<\/div>\n\t\t\t\t<div class=\"elementor-post__excerpt\">\n\t\t\t<p>Hoje, dia 11\/07\/2025, uma sexta-feira, dia da feira livre da minha mater-tr\u00f3pole\u00a0(grifo\u00a0meu). Feira livre, para mim, evoca momentos, circunst\u00e2ncias que nenhuma rede social chegar\u00e1 perto em descrever, muito menos, vivenciar. Dia em que diversas pessoas da zona rural, penteia-se e<\/p>\n\t\t<\/div>\n\t\t\n\t\t<a class=\"elementor-post__read-more\" href=\"https:\/\/divadozezo.com.br\/index.php\/2025\/07\/11\/hum-que-xero\/\" aria-label=\"Read more about Hum&#8230; que x\u00earo!\" tabindex=\"-1\" >\n\t\t\tLer completo\t\t<\/a>\n\n\t\t\t\t<\/div>\n\t\t\t\t<\/article>\n\t\t\t\t<\/div>\n\t\t\n\t\t\t\t\t\t<\/div>\n\t\t\t\t<\/div>\n\t\t\t\t\t<\/div>\n\t\t\t\t<\/div>\n\t\t\t\t<\/div>\n\t\t","protected":false},"excerpt":{"rendered":"","protected":false},"author":1,"featured_media":0,"parent":0,"menu_order":0,"comment_status":"closed","ping_status":"closed","template":"","meta":{"footnotes":""},"class_list":["post-445","page","type-page","status-publish","hentry"],"_links":{"self":[{"href":"https:\/\/divadozezo.com.br\/index.php\/wp-json\/wp\/v2\/pages\/445","targetHints":{"allow":["GET"]}}],"collection":[{"href":"https:\/\/divadozezo.com.br\/index.php\/wp-json\/wp\/v2\/pages"}],"about":[{"href":"https:\/\/divadozezo.com.br\/index.php\/wp-json\/wp\/v2\/types\/page"}],"author":[{"embeddable":true,"href":"https:\/\/divadozezo.com.br\/index.php\/wp-json\/wp\/v2\/users\/1"}],"replies":[{"embeddable":true,"href":"https:\/\/divadozezo.com.br\/index.php\/wp-json\/wp\/v2\/comments?post=445"}],"version-history":[{"count":10,"href":"https:\/\/divadozezo.com.br\/index.php\/wp-json\/wp\/v2\/pages\/445\/revisions"}],"predecessor-version":[{"id":455,"href":"https:\/\/divadozezo.com.br\/index.php\/wp-json\/wp\/v2\/pages\/445\/revisions\/455"}],"wp:attachment":[{"href":"https:\/\/divadozezo.com.br\/index.php\/wp-json\/wp\/v2\/media?parent=445"}],"curies":[{"name":"wp","href":"https:\/\/api.w.org\/{rel}","templated":true}]}}